5. Let p be z(7). List the prime factors of (3 - 2) + p - (1 + -3).
3, 53
Suppose -11*s - 34 = -9*s. Let p = 62 + s. Suppose -3*r + 6*r - p = 0. List the prime factors of r.
3, 5
Suppose 16 = -0*c + 2*c. Let i be ((-4)/(-5))/(c/40). Suppose i*k - 88 = -20. What are the prime factors of k?
17
Suppose 10*j - 1085 = 355. Let w = 248 - j. List the prime factors of w.
2, 13
Let v(m) = -7*m**2 + 19*m - 21. Suppose f + 3 = 1. Let n(y) = 3*y**2 - 10*y + 10. Let x(w) = f*v(w) - 5*n(w). What are the prime factors of x(9)?
19
Let r = 42 + -45. Let x(d) = 2*d**2 - 3*d. What are the prime factors of x(r)?
3
Let d(q) = q + 2. Let b be d(3). Suppose -b - 31 = -n. Suppose 2*h = 3*h - n. List the prime factors of h.
2, 3
Let w = 75 - 49. Let t = 12 + -8. List the prime factors of t/w + (-336)/(-13).
2, 13
Suppose 5*a = 15*a - 1950. Suppose -40*u + 35*u + a = 0. List the prime factors of u.
3, 13
Suppose k - 11 = -3*c, -k + 7*c - 7 = 4*c. Suppose -k*n + 124 + 108 = 0. List the prime factors of n.
2, 29
Suppose -c = l + 8, c = -3*c. Let k(j) be the first derivative of -3*j**2/2 + 14*j - 7. List the prime factors of k(l).
2, 19
Let r(s) = -s**3 + 4*s**2 - 3*s. Let n = 7 - 6. Let w be -1 + n - (-6)/3. What are the prime factors of r(w)?
2
What are the prime factors of (-1 + -1)/(-7 - -9)*-1959?
3, 653
Let o be 250/(-8)*(-104)/26. What are the prime factors of (o - (4 - 6)) + -1?
2, 3, 7
Let g be 0/(-2 + 1 + -1). Suppose -8 = -2*p - 4*w, -4*p - 3*w = -2 - 9. Suppose p*x - 43 + 9 = g. List the prime factors of x.
17
Let l(y) = -y**3 + 8*y**2 + 5*y + 1. Let j be l(-6). Suppose -j = -11*q + 603. What are the prime factors of q?
2, 7
What are the prime factors of ((-3)/(-6)*38)/((-8)/(-64))?
2, 19
Let b(u) = 2 + 3*u + 5*u**2 - 11*u - u + 4*u. What are the prime factors of b(-6)?
2, 53
Suppose -437 = -2*x + 2633. List the prime factors of x.
5, 307
Let c(m) = -55*m**3 + m**2 + 6*m + 3. What are the prime factors of c(-2)?
3, 5, 29
Let b(i) = i**3 - 14*i**2 - 70*i - 23. List the prime factors of b(22).
2309
Let o(a) = -a**2 - 12*a - 9. Suppose -4*c - 55 = c. Let z be o(c). Suppose 0 = z*d - 1 - 1, -2*b + 5*d = -29. What are the prime factors of b?
17
Suppose -1712 = -2*k - 4*w, 4*w - 1947 = -4*k + 1461. List the prime factors of k.
2, 53
List the prime factors of 10/(60/(-774))*-1.
3, 43
Let i(t) = t**3 + t**2 - 5*t + 1. Let s be i(2). Suppose 4*y = -s*p + 149 + 99, -2*y + 146 = -4*p. List the prime factors of y.
5, 13
Let f(g) = g**2 - 6*g + 196. List the prime factors of f(-11).
383
Let u(w) be the second derivative of -w**4/12 + 7*w**3/3 - 3*w**2 + 7*w. List the prime factors of u(6).
2, 3, 7
Let q(f) = 13*f**3 - 2*f**2 + f - 4. Let r be (-2)/(((-6)/2)/(-6)). Let o be q(r). List the prime factors of o/(-32) + (-1)/4.
3
Suppose 2*f - 13827 = -5*a + 3825, a - 3526 = 4*f. What are the prime factors of a?
2, 5, 353
Let b(p) = -16*p**2 + 15*p**2 - 3*p + 18*p - 13. Let m be b(14). What are the prime factors of 9/m - (1 + -2)?
2, 5
Suppose -17842 = -6*n + 4610. What are the prime factors of n?
2, 1871
List the prime factors of (35/(-140))/(1/(-3356)).
839
Suppose 1 = c, -3*a - 2*a = 2*c - 742. Let v(s) = s**3 + 5*s**2 - 13*s - 51. Let n be v(-3). Suppose -a + 4 = -n*h. What are the prime factors of h?
2, 3
Let j(n) = -n**3 - 12*n**2 - 12*n - 8. Let f be j(-11). Suppose f + 95 = b. What are the prime factors of b?
2, 7
Let m = -1262 + 1435. What are the prime factors of m?
173
Suppose 3*i + 12 + 0 = 0. Let h = i + 9. Suppose -2*t + 4*k + 3 = h*k, -t = -k - 9. What are the prime factors of t?
2
Suppose s = -3*s - 16, -5*n + 3*s + 2 = 0. What are the prime factors of (n/(-9) - 2102/(-18)) + -3?
2, 3, 19
Suppose 3*o + 0*x - 3*x = 966, -4*x = -3*o + 966. Let c = -218 + o. What are the prime factors of c?
2, 13
Let v(p) = -6*p - 4. Suppose 5*u - 2*j = -20, 9 = -2*j - 1. List the prime factors of v(u).
2
Let l(h) = -67*h**3 + 24*h**3 + 24*h**3 + 7 + 3*h + 20*h**3 - 13*h**2. Suppose 0 = 4*c - 52. List the prime factors of l(c).
2, 23
Suppose 4 = 5*o + 129. Let a = 20 + o. Let k = 22 - a. List the prime factors of k.
3
Let c(o) = 55*o**3 + 7*o**2 + 6*o - 6. Let l(s) = -110*s**3 - 15*s**2 - 13*s + 13. Let k(t) = 13*c(t) + 6*l(t). List the prime factors of k(1).
2, 7
Suppose -4*s = 37 - 349. Let b = s - 45. Suppose -4*l = d - b, 2*d = -0*l + l + 3. What are the prime factors of l?
7
Let t(y) = -534*y - 3. What are the prime factors of t(-1)?
3, 59
Let q be -12*((-70)/15 - -2). Suppose -q*s + 37*s - 195 = 0. List the prime factors of s.
3, 13
Let t = -6 - -6. Suppose 6*a - 36 = -t*a. Suppose 0 = -a*h + 344 - 32. What are the prime factors of h?
2, 13
Suppose 4*b - 35 = 3*c, 0 = -b - b - 2*c + 14. Suppose a + 147 = b*a. What are the prime factors of a?
3, 7
List the prime factors of 5408 + (4 - ((7 - 10) + 4)).
7, 773
Suppose 0 = 2*m + 4*k - 1819 - 1555, 0 = -m + 4*k + 1711. What are the prime factors of m?
3, 5, 113
Suppose 148 = 3*i + i + 4*m, -78 = -2*i - 4*m. Let c = -16 + i. What are the prime factors of c?
19
Suppose -159 = -2*x - 5*j, -x + 15*j - 12*j = -96. What are the prime factors of x?
3, 29
Let a(u) = 0*u + 0 + 1 - 2*u + 2. Let j be a(6). Let h = j - -13. What are the prime factors of h?
2
Let m = -14 - -14. Suppose -5*s + l + 20 + 21 = m, -4*s + l = -33. Suppose 0 = -4*v + 3*a + 136, -3*v + s*v = -a + 189. What are the prime factors of v?
37
Let y be (-8 + 5)*(-62)/(-6). Let p = -31 - y. Suppose -l + 5*l - 136 = p. What are the prime factors of l?
2, 17
Suppose 3*g = -3*k + 8484, -5*g = -0*g + k - 14160. List the prime factors of g.
2833
Let w = -140 - -83. Let t(m) = 9*m**2 + 3*m - 4. Let o be t(3). Let a = o + w. What are the prime factors of a?
29
Let o(z) = -z**2 + 3*z + 4. Let b be o(4). Suppose b = 4*s + s. Suppose 0 = -q - s*q + 18. What are the prime factors of q?
2, 3
Suppose -11*u + 7*u = -5*t + 4000, 0 = 5*t - 5*u - 4005. What are the prime factors of t?
2, 199
Suppose 4*u - 12 = 8. Suppose -5*l - 16 - 231 = -3*x, -x + u*l = -79. What are the prime factors of x?
2, 3, 7
Let p be -4 - (-3 + 4)*-9. Suppose -5*c = 4*l - 1025, 3*c = -0*c + p*l + 615. What are the prime factors of c?
5, 41
Let h(x) = -5*x - 3*x + 2*x + 35 + 4*x. What are the prime factors of h(-17)?
3, 23
Let p = 121 + -383. Let d = p + 121. List the prime factors of 4/(-18) - d/27.
5
Let z(w) = -13*w + 327. What are the prime factors of z(-47)?
2, 7, 67
Let m be (8 - 7)*(-6)/(-2). Let b = m - -29. List the prime factors of b.
2
Let b = 2097 - 440. List the prime factors of b.
1657
Suppose -23*p - 7852 + 25079 = 0. List the prime factors of p.
7, 107
Suppose i - 2*j = 7, i = 2*i + 3*j + 3. Let x(g) = -4*g**2 - 2*g + 7. Let z be x(i). Let d = 39 - z. List the prime factors of d.
2, 37
What are the prime factors of (-44*(-357)/(-15))/((-8)/40)?
2, 7, 11, 17
What are the prime factors of (-5)/(1 + -6)*341?
11, 31
Let p = -649 + 1418. What are the prime factors of p?
769
Let y(b) = 15*b**2 + 8*b - 26. List the prime factors of y(6).
2, 281
Let p(y) = -7*y + 0*y**2 - 4 + y**2 - y**2 - y**2. List the prime factors of p(-5).
2, 3
Suppose 4*m - 877 = -5*b + 1168, -2551 = -5*m - b. List the prime factors of m.
2, 3, 5, 17
Let j = -70 + 75. Suppose 4*w - 3*w - j*n - 173 = 0, 2*w + 3*n = 281. What are the prime factors of w?
2, 37
Let l(o) = 29*o**2 + 18*o + 31. List the prime factors of l(-5).
2, 3, 37
Let u = 3014 - 1579. Suppose -6*w + u = w. What are the prime factors of w?
5, 41
Suppose -68614 = -48*m + 25802. What are the prime factors of m?
7, 281
Let s(v) = -v**3 - 32*v**2 + 5*v - 76. List the prime factors of s(-35).
2, 107
Let y = -19 - -18. Let x be 3/((-36)/33 - y). Let m = 55 + x. List the prime factors of m.
2, 11
Let r(q) = -q - 24. Let p be r(-14). Let u be 2940/(-25) - (-4)/p. Let w = u - -171. List the prime factors of w.
53
Suppose -5*x = 3*k - 9154, 1823 = x - 12*k + 10*k. List the prime factors of x.
31, 59
Let p(q) = -9*q**3 + 6*q**2 + 3*q - 4. Let c be p(-4). List the prime factors of 5/2*c/20.
2, 41
Suppose 13*g + 4326 = 20*g. List the prime factors of g.
2, 3, 103
Suppose -3644 + 89 = -3*t. What are the prime factors of t?
3, 5, 79
Let m = -9 + 11. Suppose -m*l = 3*l + t - 147, 2*l = -4*t + 48. What are the prime factors of l?
2, 3, 5
Let r(b) = b**2 + 10*b + 18. Let w be (-2)/(0 - 